54*g + 50. Determine f(1).
292
Let q(g) = 1054*g - 57872. Calculate q(55).
98
Let q(y) = -4077*y + 21432. What is q(5)?
1047
Let v(w) = -w**3 - 79*w**2 - 68*w + 884. What is v(-78)?
104
Let v(p) = 2*p**3 + 1208*p**2 + 3753*p + 88347. Give v(-601).
0
Let o(f) = -1359*f - 55753. Calculate o(-41).
-34
Let z(y) = 4*y**2 - 10500*y + 393220. Determine z(38).
-4
Let x(w) = 5521*w + 657004. Calculate x(-119).
5
Let l(k) = -2*k**3 - 40*k**2 - 188*k - 224. Determine l(-2).
8
Let c(o) = 93*o**2 - 2086*o - 4183. Calculate c(-2).
361
Let b(c) = -c**2 + 78*c + 705. Determine b(87).
-78
Let y(i) = -8*i**2 + 418*i - 494. Calculate y(51).
16
Let y(c) = 4138*c - 173793. Calculate y(42).
3
Let c(g) = -40*g + 250. Calculate c(12).
-230
Let s(m) = -m**2 - 665*m + 2976. What is s(6)?
-1050
Let u(z) = 4*z**3 + 70*z**2 + 47*z + 247. Determine u(-17).
26
Let c(v) = 2*v**3 - 14038*v**2 - 14036*v + 1. Calculate c(-1).
-3
Let t(s) = -s**2 + 277*s + 33028. Give t(367).
-2
Let s(l) = 312*l**2 + 2836*l + 220. Give s(-9).
-32
Let z(x) = 52*x + 2058. Give z(-58).
-958
Let s(u) = 5*u**3 - 35*u**2 - 3733*u + 26126. What is s(7)?
-5
Let b(z) = 10859*z + 96766. Determine b(-9).
-965
Let p(w) = -w**2 + 133*w + 4217. Give p(-26).
83
Let b(y) = y**2 - 107*y - 2458. What is b(126)?
-64
Let h(g) = g**2 + 807*g + 63878. What is h(-89)?
-24
Let t(v) = -2787*v - 67073. Calculate t(-24).
-185
Let z(c) = -c**3 + 23*c**2 - 172*c + 1719. Determine z(19).
-105
Let a(f) = -f**3 + 62*f**2 - 181*f + 398. What is a(59)?
162
Let w(h) = 1114*h**2 + 626*h + 624. Calculate w(-1).
1112
Let f(o) = -2088*o + 668385. What is f(320)?
225
Let g(y) = -6*y**3 + 1575*y**2 - 2351*y + 474. What is g(261)?
-48
Let c(i) = 2462*i + 5503. What is c(-2)?
579
Let t(f) = 6046*f + 157220. Determine t(-26).
24
Let x(w) = 3620*w - 333046. Determine x(92).
-6
Let d(b) = 1608*b - 19679. Calculate d(10).
-3599
Let j(c) = 41*c**3 - 534*c**2 + 70*c - 624. What is j(13)?
117
Let z(d) = -27*d - 3708. What is z(-64)?
-1980
Let z(b) = -1119*b + 758828. Calculate z(678).
146
Let i(k) = -2844*k + 921449. What is i(324)?
-7
Let b(u) = -15804*u + 3097572. Calculate b(196).
-12
Let h(a) = 5*a**3 + 2073*a**2 - 773*a + 23578. Calculate h(-415).
-77
Let y(o) = -69*o**2 - 5450*o + 105. What is y(-79)?
26
Let k(x) = -17653*x - 53413. Determine k(-3).
-454
Let c(m) = -m**3 - 286*m**2 - 14055*m - 1329. Determine c(-223).
9
Let h(q) = -q**3 - 30*q**2 - 12*q + 136. Determine h(-30).
496
Let l(a) = a**3 + 245*a**2 - 27*a - 6541. Calculate l(-245).
74
Let z(g) = g**3 - 35*g**2 + 24*g + 5748. Calculate z(24).
-12
Let p(a) = -27413*a + 274202. Determine p(10).
72
Let c(n) = -n**2 + 10440*n - 353784. Determine c(34).
20
Let x(g) = -g**3 - 9*g**2 + 167*g - 376. Determine x(7).
9
Let d(r) = -2*r**3 + 42*r**2 + 141*r - 1027. Calculate d(23).
100
Let p(z) = -13*z**2 - 136226*z - 817312. What is p(-6)?
-424
Let n(x) = -x**3 + 69*x**2 + 247*x + 64. What is n(-3)?
-29
Let k(h) = 2*h**3 - 211*h**2 - 47744*h + 1718. What is k(216)?
-10
Let n(p) = 259946*p - 1819598. Determine n(7).
24
Let x(l) = l**3 - 266*l**2 + 1816*l - 785. Calculate x(259).
-8
Let y(q) = -q**2 - 470*q + 273192. Calculate y(338).
88
Let w(b) = b**3 - 273*b**2 - 8403*b - 7545. Calculate w(301).
-20
Let f(s) = 9*s**2 + 861*s + 1654. Determine f(-92).
-1382
Let v(s) = 20207*s + 202191. Determine v(-10).
121
Let b(u) = -8*u**3 + 705*u**2 - 100*u + 420. Give b(88).
-636
Let n(z) = -z**2 - 219*z + 34549. What is n(106)?
99
Let w(t) = -t**2 - 419*t - 8030. What is w(-23)?
1078
Let p(v) = 5*v**2 - 5455*v - 569743. Calculate p(-96).
17
Let d(h) = 7*h**3 + 725*h**2 - 306*h - 57. What is d(-104)?
-681
Let l(s) = 52*s**3 + 187*s + 82. Give l(0).
82
Let m(n) = -n**2 - 70*n - 767. Calculate m(-28).
409
Let q(b) = -5*b**3 - 53*b**2 + 11514*b + 29. What is q(43)?
-401
Let m(n) = n**3 + 4*n**2 + 201*n + 625. Calculate m(-3).
31
Let p(i) = -20022*i + 80122. Calculate p(4).
34
Let i(b) = -20*b**2 + 251*b + 3291. Determine i(-8).
3
Let j(x) = -17*x**2 - 4537*x - 2198. Determine j(-266).
1792
Let d(h) = -3*h**3 + 64*h**2 + 136*h - 4406. Give d(20).
-86
Let v(x) = 199*x**3 - 12*x**2 + 45*x + 10. What is v(3)?
5410
Let y(b) = -4*b**3 - 178*b**2 + 55*b - 1536. Calculate y(-45).
39
Let l(y) = 672*y**2 - 258*y + 524. What is l(2)?
2696
Let s(j) = 64*j**2 + 283*j + 567. Give s(-2).
257
Let w(s) = -149*s**2 - 423*s + 422. Determine w(1).
-150
Let y(w) = -23*w**2 - 134*w + 107. What is y(-6)?
83
Let f(o) = 122*o + 2582. Determine f(-21).
20
Let u(w) = -509*w**2 - 3314*w - 25. Give u(-7).
-1768
Let b(p) = -p**3 + 201*p**2 + 41649*p + 2291. Determine b(328).
-5
Let r(u) = u**3 - 27*u**2 - 17*u - 309. Calculate r(28).
-1
Let l(b) = -2*b**3 - 165*b**2 - 82*b + 30. Give l(-82).
30
Let p(s) = 60*s**2 - 4568*s + 607. Calculate p(76).
-1
Let h(a) = 26*a**2 - 4422*a + 8856. What is h(2)?
116
Let z(y) = -37*y**2 + 482*y + 486. Give z(14).
-18
Let x(a) = a**2 - 315*a + 6984. What is x(291)?
0
Let u(k) = 2254552*k + 4509107. Calculate u(-2).
3
Let z(w) = -50*w**2 + 6893*w + 613. What is z(138)?
-353
Let g(p) = 6*p**3 - 103*p**2 + 394*p + 3. Determine g(10).
-357
Let h(w) = 1266*w + 153190. Give h(-121).
4
Let g(f) = -f**3 - 116*f**2 - 1422*f - 180054. Determine g(-117).
9
Let x(g) = -86*g**3 + 10320*g**2 - 5*g + 579. Calculate x(120).
-21
Let s(m) = 1661*m**3 + 3*m**2 + 104*m - 106. Give s(1).
1662
Let c(i) = 1614*i + 1034633. Give c(-641).
59
Let g(a) = -a**2 - 3526*a - 91135. What is g(-26)?
-135
Let n(w) = -1889*w**2 + 52892*w - 2. Give n(28).
-2
Let s(v) = 10453*v - 41340. Calculate s(4).
472
Let f(a) = -44*a**2 - 1551*a - 1803. Determine f(-34).
67
Let w(u) = 6*u**3 + 569*u**2 - 4928*u - 61. What is w(8)?
3
Let x(d) = 15776*d + 141997. What is x(-9)?
13
Let v(g) = -3413*g + 58051. What is v(17)?
30
Let d(p) = 72664*p + 1017302. Determine d(-14).
6
Let i(a) = -a**3 - 86*a**2 + 578*a + 2373. What is i(-92)?
-19
Let c(w) = -w**3 + 19*w**2 + 28*w - 828. Calculate c(21).
-1122
Let t(p) = -p**2 - 225*p + 59965. Determine t(157).
-9
Let w(m) = -23*m - 1496. What is w(-38)?
-622
Let f(g) = -9644*g + 18448978. What is f(1913)?
6
Let o(t) = -t**2 + 2437*t + 541633. What is o(-205)?
23
Let g(d) = 20*d**3 - 266*d**2 - 274*d - 9. Determine g(-1).
-21
Let u(g) = 45*g**2 + 2728*g + 91. Calculate u(-60).
-1589
Let a(c) = -11658*c + 186552. Calculate a(16).
24
Let w(m) = -981*m - 30472. Give w(-31).
-61
Let s(i) = 544*i**2 + 397*i - 810. What is s(2)?
2160
Let c(t) = t**3 + 55*t**2 + 54*t - 620. Give c(-54).
-620
Let x(c) = 66*c**2 + 212*c + 497. Give x(-6).
1601
Let g(k) = 3787*k + 18698. Determine g(-5).
-237
Let q(d) = 29459*d + 6657731. What is q(-226)?
-3
Let d(a) = a**3 + 3*a**2 + 414*a - 1609. What is d(4)?
159
Let x(i) = 2168*i + 38809. Calculate x(-18).
-215
Let l(j) = -j**2 + 1146*j + 204240. What is l(-157)?
-331
Let g(x) = -17370*x + 225808. Calculate g(13).
-2
Let z(s) = -6393*s + 172478. What is z(27)?
-133
Let i(a) = -57023*a - 513605. What is i(-9)?
-398
Let i(o) = o**3 + 9*o**2 - 4*o - 104. What is i(-6)?
28
Let d(o) = 4*o**3 + 271*o**2 - 859*o - 6. Calculate d(3).
-36
Let b(u) = 322*u**2 + 449*u - 43905. Determine b(11).
-4
Let w(t) = 3901*t + 1576114. What is w(-404)?
110
Let t(o) = 3382*o**3 - 4*o**2 + 10*o + 12. Determine t(-1).
-3384
Let h(a) = 109256*a + 1857344. Determine h(-17).
-8
Let y(x) = 73*x**2 - 1091*x - 96. Determine y(15).
-36
Let x(g) = -g**3 - 59*g**2 - 540*g - 526. Give x(-10).
-26
Let z(n) = -n**3 + 11*n**2 - 68*n + 34. Calculate z(13).
-1188
Let w(d) = -3*d**3 + 193*d**2 - 9*d - 4036. What is w(64)?
-516
Let p(r) = r**2 + 3909*r + 70. What is p(0)?
70
Let t(a) = -a**3 + 78*a**2 + 936*a + 596. What is t(-10)?
36
Let n(i) = 4*i**2 + 4*i + 164. Calculate n(13).
892
Let s(f) = -2*f**2 + 117654*f + 1. Determine s(0).
1
Let f(s) = 7*s**3 - 43*s**2 - 115*s - 6. Give f(-2).
-4
Let p(m) = 3*m**3 + 357*m**2 - 375*m - 1690. Determine p(-120).
110
Let n(f) = 37888*f + 2765823. What is n(-73)?
-1
Let h(k) = 9442*k - 160501. Calculate h(17).
13
Let y(m) = -m**2 + 186*m + 6509. Determine y(-29).
274
Let a(d) = 2008*d + 76300. Give a(-38).
-4
Let d(h) = -50674*h + 50675. Calculate d(1).
1
Let u(g) = 94*g**2 - 407*g - 810. Calculate u(-2).
380
Let c(d) = 48*d**3 - 2683*d**2 - 282*d + 115. What is c(56)?
3
Let n(j